436 and 957?
87
Calculate the highest common factor of 80 and 50.
10
Calculate the greatest common factor of 1071 and 765.
153
Calculate the greatest common divisor of 8170 and 20.
10
What is the greatest common factor of 1771 and 451?
11
What is the greatest common factor of 1517 and 41?
41
Calculate the greatest common factor of 88 and 77.
11
What is the greatest common divisor of 364 and 91?
91
Calculate the highest common divisor of 342 and 30.
6
Calculate the greatest common divisor of 1314 and 54.
18
What is the highest common divisor of 5221 and 23?
23
Calculate the greatest common factor of 1045 and 3553.
209
Calculate the highest common factor of 90 and 405.
45
Calculate the highest common factor of 84 and 56.
28
What is the greatest common factor of 1304 and 8?
8
Calculate the greatest common divisor of 6 and 46.
2
Calculate the highest common divisor of 72 and 2.
2
What is the greatest common divisor of 836 and 152?
76
What is the highest common factor of 126 and 12?
6
Calculate the greatest common factor of 17753 and 41.
41
What is the highest common factor of 104 and 1573?
13
Calculate the greatest common divisor of 24 and 6.
6
What is the greatest common divisor of 297 and 351?
27
Calculate the highest common factor of 969 and 57.
57
Calculate the highest common divisor of 1512 and 16.
8
Calculate the highest common divisor of 321 and 3.
3
Calculate the greatest common factor of 17 and 221.
17
What is the greatest common factor of 161 and 301?
7
What is the highest common factor of 39 and 377?
13
What is the greatest common divisor of 335 and 469?
67
Calculate the greatest common factor of 126 and 58338.
126
What is the highest common divisor of 39 and 117?
39
Calculate the greatest common factor of 138810 and 210.
210
What is the highest common divisor of 1740 and 180?
60
Calculate the greatest common divisor of 160 and 50.
10
What is the greatest common divisor of 9 and 6435?
9
What is the highest common factor of 528 and 64?
16
Calculate the greatest common divisor of 205 and 10.
5
What is the greatest common factor of 18 and 393?
3
Calculate the greatest common divisor of 893 and 114.
19
What is the highest common divisor of 20 and 905?
5
What is the highest common factor of 12294 and 36?
18
Calculate the greatest common factor of 3 and 96.
3
Calculate the greatest common factor of 78 and 165.
3
Calculate the highest common divisor of 42 and 40726.
14
Calculate the greatest common divisor of 40 and 32.
8
Calculate the highest common divisor of 13 and 325.
13
What is the highest common divisor of 30245 and 115?
115
Calculate the greatest common factor of 39 and 21.
3
What is the highest common divisor of 408 and 2499?
51
Calculate the highest common divisor of 60 and 40.
20
What is the highest common factor of 1956 and 12?
12
Calculate the greatest common divisor of 30 and 1065.
15
What is the greatest common factor of 116 and 725?
29
Calculate the highest common factor of 44 and 209.
11
What is the highest common divisor of 24 and 480?
24
What is the highest common divisor of 30 and 16020?
30
What is the greatest common divisor of 184 and 12604?
92
What is the greatest common factor of 425 and 595?
85
What is the greatest common divisor of 22 and 6?
2
What is the highest common divisor of 688 and 16?
16
Calculate the highest common factor of 4 and 382.
2
Calculate the greatest common divisor of 1537 and 265.
53
What is the greatest common factor of 74 and 1258?
74
What is the greatest common divisor of 30 and 40?
10
Calculate the greatest common factor of 54 and 2511.
27
Calculate the greatest common divisor of 5320 and 120.
40
What is the highest common divisor of 210 and 450?
30
Calculate the greatest common divisor of 2 and 495.
1
Calculate the highest common factor of 75 and 135.
15
Calculate the highest common divisor of 125 and 20.
5
What is the greatest common divisor of 42 and 210?
42
Calculate the greatest common divisor of 67 and 1.
1
What is the highest common divisor of 120 and 3960?
120
What is the greatest common factor of 24906 and 6?
6
Calculate the highest common divisor of 990 and 90.
90
What is the highest common divisor of 168 and 1064?
56
Calculate the greatest common factor of 1794 and 1248.
78
Calculate the greatest common factor of 80 and 2420.
20
What is the greatest common factor of 28 and 742?
14
Calculate the highest common divisor of 72 and 4500.
36
Calculate the highest common divisor of 84 and 156.
12
What is the highest common divisor of 297 and 407?
11
Calculate the highest common divisor of 9 and 14643.
9
Calculate the highest common divisor of 18 and 14868.
18
What is the greatest common factor of 35 and 455?
35
What is the greatest common factor of 48 and 8784?
48
Calculate the highest common factor of 20 and 2570.
10
What is the greatest common divisor of 204 and 2210?
34
Calculate the greatest common factor of 28 and 266.
14
What is the highest common divisor of 60 and 20?
20
Calculate the greatest common divisor of 1386 and 558.
18
What is the highest common factor of 112 and 168?
56
What is the greatest common factor of 525 and 75?
75
Calculate the greatest common factor of 292 and 73.
73
Calculate the greatest common factor of 7429 and 19.
19
Calculate the greatest common divisor of 150 and 4650.
150
What is the greatest common factor of 837 and 31?
31
Calculate the greatest common factor of 12 and 76.
4
What is the highest common divisor of 1331 and 11?
11
What is the highest common factor of 256 and 1312?
32
Calculate the highest common divisor of 301 and 1333.
43
Calculate the greatest common factor of 21 and 1659.
21
What is the greatest common divisor of 266 and 114?
38
What is the highest common factor of 89 and 77608?
89
What is the greatest common factor of 399 and 4123?
133
What is the highest common divisor of 3883 and 44?
11
Calculate the greatest common divisor of 856 and 535.
107
What is the greatest common divisor of 71030 and 10?
10
What is the greatest common divisor of 13 and 109317?
13
What is the greatest common divisor of 384 and 36?
12
What is the greatest common factor of 7 and 427?
7
What is the greatest common factor of 2889 and 3?
3
What is the highest common divisor of 114 and 114?
114
What is the highest common divisor of 125 and 39875?
125
Calculate the highest common factor of 76 and 1919.
19
What is the greatest common factor of 667 and 87?
29
Calculate the greatest common factor of 1298 and 264.
22
What is the greatest common factor of 5 and 8?
1
Calculate the greatest common factor of 224 and 48.
16
Calculate the highest common factor of 1 and 83.
1
What is the greatest common divisor of 66 and 462?
66
What is the greatest common divisor of 17 and 289?
17
Calculate the greatest common factor of 255 and 80.
5
What is the greatest common factor of 36 and 48?
12
What is the highest common factor of 43 and 1849?
43
What is the highest common divisor of 267 and 178?
89
Calculate the highest common factor of 42 and 294.
42
Calculate the greatest common divisor of 8208 and 360.
72
What is the greatest common factor of 275 and 50?
25
What is the greatest common divisor of 40 and 104?
8
What is the highest common factor of 7 and 189?
7
Calculate the highest common factor of 59776 and 128.
128
What is the highest common divisor of 21 and 4809?
21
Calculate the greatest common factor of 1386 and 36.
18
What is the greatest common divisor of 120 and 30?
30
Calculate the highest common factor of 30628 and 19.
19
Calculate the greatest common factor of 3277 and 464.
29
What is the greatest common factor of 504 and 392?
56
Calculate the highest common divisor of 73 and 7373.
73
Calculate the highest common divisor of 230 and 6.
2
Calculate the highest common factor of 2261 and 665.
133
What is the greatest common factor of 34 and 34?
34
Calculate the greatest common divisor of 253 and 1617.
11
Calculate the greatest common factor of 273 and 17745.
273
What is the highest common factor of 51 and 289?
17
Calculate the greatest common factor of 279 and 5673.
93
Calculate the greatest common factor of 72 and 14.
2
Calculate the greatest common factor of 279 and 36.
9
What is the greatest common divisor of 4369 and 257?
257
What is the highest common factor of 459 and 